5*t = 2*c - 135, 0 = -c + 2*c - 5*t - 60. Is c a prime number?
False
Suppose 5*s - 25 = 0, 2*s - 232 - 398 = -4*o. Is o prime?
False
Suppose -2*u - 3 = u. Is ((-52)/u - -1) + -2 a prime number?
False
Suppose -3*u + x - 366 = 0, 5*u + 147 = -3*x - 477. Let r = 242 + u. Is r composite?
True
Suppose -l + 7613 = 3*c, -5*c + 15224 = -4*l + 6*l. Is l a composite number?
False
Let w = -35 - -59. Let l(n) = 3*n + 4. Let i be l(3). Let o = w + i. Is o a prime number?
True
Let d be (-2)/4*(3 + -1). Let j be 122 - ((-1)/(-1) - d). Suppose -5*v + 3*u + 162 = 0, -3*v + u + j = 22. Is v a composite number?
True
Is (222/(-8))/((-27)/72) a composite number?
True
Suppose 2*a = -2, n - 4*a + 5*a - 1 = 0. Suppose -765 = -2*s + r + n*r, 1910 = 5*s - 5*r. Is s composite?
True
Suppose -9071 = -3*x - 2*i, i + 3002 = x + 6*i. Is x a prime number?
False
Let u be (-1452)/(-9) + 2/(-6). Let l = -90 + u. Is l a prime number?
True
Let f = 48 - -20. Suppose -h = -25 - f. Is h composite?
True
Let i = 61 - -2. Let h = i + -17. Is h composite?
True
Let b(y) = 84*y**2 + 3*y + 1. Is b(-2) a composite number?
False
Let y = -168 - -301. Is y composite?
True
Let w be (-82)/8 - 2/(-8). Is (-2)/5 + (-104)/w prime?
False
Let k be 1 + (4 - 2 - 1). Let a(u) = u**2 + 8*u + 4. Let o be a(-8). Suppose -o*f - 2*x + 34 = 0, 0*f = -k*f - 3*x + 23. Is f a composite number?
False
Let x(o) be the third derivative of o**6/60 + o**5/60 + o**4/8 - o**3/2 + 2*o**2. Let f be x(2). Suppose f = 4*h - 21. Is h a composite number?
False
Suppose 3*k + 4 = 4*k. Suppose -5*v + k*v + 127 = 0. Is v a prime number?
True
Suppose d + 0*n = -3*n + 56, -4*d + 2*n = -210. Let a = 319 + d. Is a/27 + (-4)/(-18) a prime number?
False
Let v(k) = -9*k. Let z(l) = l + l + l + 7*l + 1. Let m(f) = 6*v(f) + 5*z(f). Is m(-4) a prime number?
False
Let j(a) = -2*a**2 + 3*a + 3. Let v be j(3). Let i(d) = -42*d - 5. Let m be i(v). Suppose -275 = -5*k - 3*u + 126, m = 3*k + 5*u. Is k prime?
True
Is 1*131 - (-68)/(-17) a composite number?
False
Let h = 303 + 28. Is h a prime number?
True
Let m = -78 - -140. Is m a prime number?
False
Let i be 2/(-6)*(2 - 11). Let u(s) = -4*s + 4 + i - 4. Is u(-5) a prime number?
True
Suppose 2*w + 45 = 4*w + 5*g, -3*g + 39 = 2*w. Suppose u + 4 = w. Let z = 76 + u. Is z prime?
False
Let n be 0 - ((-2 - 0) + -1). Suppose -n*k + 41 = 3*f + 2*f, f - 17 = -5*k. Is f a prime number?
True
Suppose 1144 = 5*f + 4*d + 304, 855 = 5*f + d. Let u = -115 + f. Is u a prime number?
False
Let a be (-2)/(-8) - 3/12. Suppose -3*l = -4*t - 16, 2*l + l + 5*t - 7 = a. Is l/(-12) - (-464)/6 a composite number?
True
Let z(r) = -r**3 + 3*r**2 + 5*r - 4. Let h be z(4). Suppose 5*a + h*a = 5. Is -1*(a - -2 - 6) a prime number?
True
Let s(b) = 120*b + 3. Let n(m) = 1. Let h(t) = 2*n(t) - s(t). Is h(-2) a composite number?
False
Suppose -684 - 457 = -n. Is n a composite number?
True
Let b(g) be the second derivative of -g**6/720 + g**5/12 + g**4/3 - 4*g. Let n(r) be the third derivative of b(r). Is n(-9) prime?
True
Let d be 10036/3 - (-1)/(-3). Suppose -4*y - 5*n = -d, 5*n - 20 = n. Suppose -5*w - 195 + y = 0. Is w a composite number?
False
Suppose 5*l - 13 = 52. Let y = 56 + -24. Suppose -3*r + y = -l. Is r a prime number?
False
Let c = 726 - 67. Is c a prime number?
True
Suppose 0 = 3*w - 4*w - 74. Let y = 5 - w. Is y composite?
False
Let k be -2 + (-24)/(-1*4). Suppose 230 = 2*a + k*y, a - 3*y = -34 + 139. Is a composite?
True
Let i(f) be the third derivative of f**6/120 - 11*f**5/60 + 7*f**4/12 + 7*f**3/6 - 3*f**2. Is i(11) a composite number?
True
Let p = -3 - -6. Let w = 2 - p. Let v = w - -8. Is v a prime number?
True
Let t be 1*-27*(0 - -1). Suppose 248 = 4*w + j, -w - w + 124 = -3*j. Let f = t + w. Is f a prime number?
False
Suppose -2*q - 2*a = 12, 2 = 4*q + 3*a + 24. Let n be 2/(48/(-23) + 2). Let x = q - n. Is x a prime number?
True
Suppose 5*d - 4042 = -2*r - r, 5*r = -5*d + 4040. Is d a composite number?
False
Let n(k) = -123*k + 3. Let b(a) = -184*a + 4. Let u(p) = -5*b(p) + 7*n(p). Is u(2) prime?
False
Let w = -12 + 12. Let j(s) = s + 145. Is j(w) a prime number?
False
Is (-5 + 423)/(-1 - -3) prime?
False
Suppose -3*t = 3*l - 198, 5*l = t - 0*l - 36. Suppose t = 5*k - 9. Is k a composite number?
True
Suppose -163 = -4*n + 341. Let z = n + 123. Is z prime?
False
Suppose 30 = -3*o - 3. Let z = -9 - o. Is z a prime number?
True
Let z(i) be the third derivative of 0*i - 1/60*i**5 + i**2 + 5/3*i**3 + 0 - 11/24*i**4. Is z(-11) a prime number?
False
Let f be (-2)/4 + 7/(-2). Let a = 2 + f. Is -2 - (1*a - 67) prime?
True
Suppose 3*t - 4 - 2 = 0. Suppose x + t = -0*x. Is (-1 - x) + 81 + 1 a prime number?
True
Suppose 0 = -84*c + 87*c - 20073. Is c prime?
True
Let l be ((-1)/2)/((-2)/(-148)). Let m be 2 - (l*1 + 1). Suppose -3*b - m = -5*b. Is b composite?
False
Let n = 1510 - 393. Is n a prime number?
True
Let k(o) = 10*o**2 + o + 10. Is k(5) composite?
True
Suppose -3*c + 440 = 5. Is c a composite number?
True
Let l(f) = 4*f**2 + f + 7. Let s be l(-6). Let o(i) = -2*i - 5. Let k be o(-5). Suppose 5*z - s = k*t, 0 = -3*t - 9 - 0. Is z prime?
False
Let r(z) = 5*z**2 + 6*z - 6. Let o be r(-6). Suppose -4*x - c = -5*c - 244, -2*x - 2*c + o = 0. Is x prime?
False
Suppose 9 = -0*d - d. Let p be -3*(2 + 24/d). Is (-1)/(1/p) + 25 a composite number?
False
Let t(w) = -w**2. Let j be t(0). Suppose j*g = -g + 58. Is g a prime number?
False
Suppose -2*j + 1110 = 4*j. Is j a composite number?
True
Let r = -18 - -29. Suppose 0*u - u = -r. Is u composite?
False
Let x be -1 + 3 - 1*-134. Suppose -l + x + 141 = 0. Suppose -l = -5*w + 2*z - 88, 0 = -w - 5*z + 54. Is w composite?
True
Let z = -347 - -682. Is z a prime number?
False
Let q(k) = -k - 1. Let t be q(-5). Suppose u - 736 = -3*v, 2*v - 6*v + 1008 = -t*u. Is v composite?
True
Let i = 548 - 229. Is i composite?
True
Suppose -5*m - 40 = -0*m. Suppose 4 = -w - 14. Let j = m - w. Is j a prime number?
False
Suppose 3*l + 1259 = 4*v - 0*l, -l - 627 = -2*v. Is v prime?
True
Suppose 3*q = q + 180. Is ((-1)/(-3))/(3/q) prime?
False
Suppose 31 = -3*x - f + 6, -2*f - 8 = 0. Suppose 5*d = -3*h - 40, 4*h - 2*d + 30 = -4*d. Let r = h - x. Is r a prime number?
True
Let k(t) = -2*t**3 + 2*t**2 - 1. Suppose -2*w + 4*w = -3*m - 1, 0 = -m - w. Let j be k(m). Is (j/2)/(2/12) prime?
False
Let n = 19 + -16. Is (-754)/(-1) - 9/n prime?
True
Suppose -32*a = -30*a - 1306. Is a a prime number?
True
Let j = -7 - -3. Let d = 4 + j. Suppose d = -4*g + 2*o + 398, 118 = 4*g + 2*o - 260. Is g a composite number?
False
Suppose 4*r - 5*r - 1 = -c, c = 2*r. Suppose -15 = 5*t + 175. Is (5/(-10))/(r/t) a prime number?
True
Suppose 2*d - 1272 - 692 = 0. Is d composite?
True
Suppose 0 = -5*o - 0*o + 4505. Is o prime?
False
Suppose 5*w - 3*c + 39 = -0*w, -w = -c + 7. Let y = 24 + -8. Let a = w + y. Is a composite?
False
Let i = 3 - 1. Suppose -i = 2*d - 10. Suppose -2*x - 4*c = -2*c - 54, -30 = -2*x + d*c. Is x prime?
True
Is (877/(-2))/(1 - (-24)/(-16)) composite?
False
Let c(u) = 33*u. Let q be c(-9). Let g = -112 - q. Is g composite?
True
Suppose -125 + 15 = v. Let k = v - -189. Is k a prime number?
True
Let n(g) = 7*g**3 - g**2 + 8*g - 5. Let s be n(6). Suppose -3*y - 2*y + 4*z + s = 0, -1220 = -4*y + 2*z. Is y a prime number?
True
Let r(a) = a**2 - 6*a - 8. Is r(-7) a composite number?
False
Let b be 1/3 - 262/(-6). Let n = 121 - b. Is n a composite number?
True
Suppose 2*i + 4*s = -0*s + 1082, -3*i + 5*s + 1623 = 0. Is i prime?
True
Suppose -5*m = 20, -2*h = 3*m + 4 + 4. Suppose h*x - 8 = -0*x. Suppose 9*s - x*s - 955 = 0. Is s composite?
False
Let f(a) = -11*a**2 + 3*a + 13. Let v(w) = 7*w**2 - 2*w - 9. Let y(l) = -5*f(l) - 8*v(l). Is y(0) a prime number?
True
Let u(r) = -r**2 + 2*r - 1. Let x be u(4). Is 2/x + 346/18 a prime number?
True
Suppose -f - 4*f - 19 = 3*h, 0 = -2*h + 3*f + 19. Let t = h + -4. Is (2 + 255)/((-2)/t) a composite number?
False
Suppose 33 = 2*r - 3*d + 8, -d - 15 = -2*r. Let p = r - 5. Suppose 5*g + 25 = p, -2*b + 2*g = -4*b + 92. Is b prime?
False
Let b = 209 - -59. Suppose 5*l + b = z, -z - 2*l - 2*l = -259. Is z a prime number?
True
Let o be (1 - 3)/(-1)*2. Suppose 3*s + o = 5*s. Suppose 7*u - 445 = s*u. Is u prime?
True
Let z = 749 - 114. Is z a prime number?
False
Let i = -18